and 2602590?
6
Calculate the greatest common divisor of 104 and 34946314.
26
What is the greatest common factor of 1347195 and 9780?
2445
What is the highest common divisor of 10505948 and 4064?
508
Calculate the highest common divisor of 57152 and 70970.
94
What is the greatest common factor of 418 and 8929943?
209
What is the greatest common divisor of 36882 and 96984?
54
What is the greatest common factor of 105 and 15756965?
35
Calculate the greatest common factor of 14322 and 35658.
42
What is the highest common factor of 26905215 and 45840?
2865
What is the highest common divisor of 47168 and 125884?
44
Calculate the greatest common factor of 284607484 and 16.
4
What is the greatest common factor of 44 and 15364987?
11
What is the greatest common factor of 17662481 and 1163?
1163
What is the greatest common factor of 3454143 and 462?
231
Calculate the greatest common factor of 4793168 and 304.
304
What is the greatest common divisor of 1526 and 457964808?
1526
Calculate the highest common divisor of 237290443 and 1079.
1079
Calculate the greatest common divisor of 77 and 788117.
11
Calculate the greatest common divisor of 4015 and 4928011.
803
What is the greatest common factor of 2097 and 75987?
9
What is the highest common factor of 603 and 114950895?
201
Calculate the greatest common divisor of 6000 and 7743600.
1200
What is the highest common divisor of 21907 and 5806508?
1153
Calculate the greatest common divisor of 2057 and 29329553.
121
Calculate the greatest common divisor of 5348 and 42082457.
191
What is the greatest common divisor of 115 and 1272580?
5
Calculate the greatest common factor of 8116955 and 8932.
2233
Calculate the greatest common divisor of 801089 and 12015.
89
What is the highest common factor of 2016 and 37019664?
144
What is the highest common factor of 9455922 and 81?
9
What is the highest common factor of 1851884 and 109285?
1987
What is the greatest common divisor of 549020 and 1896100?
5660
What is the highest common factor of 320 and 15583000?
40
Calculate the highest common divisor of 77623 and 3843.
7
What is the greatest common divisor of 104658 and 162?
6
Calculate the greatest common divisor of 40 and 82999590.
10
Calculate the greatest common factor of 122604 and 1787.
1
What is the greatest common divisor of 1527 and 276?
3
Calculate the highest common factor of 71 and 797615633.
71
Calculate the greatest common divisor of 1640 and 1836506440.
1640
Calculate the highest common divisor of 2922 and 2775198.
6
What is the highest common divisor of 45 and 35447130?
45
Calculate the greatest common divisor of 8237922 and 1716639.
4863
What is the highest common divisor of 37230 and 467070?
30
Calculate the greatest common divisor of 25272 and 11907.
243
What is the highest common divisor of 48726 and 6282?
18
Calculate the highest common divisor of 478992 and 1128.
24
What is the greatest common factor of 2589880 and 280?
40
Calculate the greatest common factor of 186694 and 31502.
38
Calculate the greatest common factor of 239408478 and 234.
18
What is the greatest common divisor of 20296 and 980344?
472
What is the highest common divisor of 1346 and 26654?
2
Calculate the highest common factor of 468705 and 15885.
15
Calculate the highest common divisor of 7901505 and 1397610.
2385
What is the greatest common divisor of 18121321 and 276421?
3499
Calculate the highest common factor of 3021 and 2068431.
159
Calculate the highest common factor of 98512 and 850190.
262
What is the greatest common factor of 296 and 55456760?
8
What is the highest common factor of 370442708 and 4276?
4276
What is the highest common divisor of 669930795 and 45?
45
What is the greatest common divisor of 589374 and 152721?
2151
What is the highest common divisor of 110 and 9482902?
22
What is the highest common factor of 9190 and 17392994?
1838
What is the highest common factor of 2100871 and 898?
449
What is the highest common divisor of 1540061 and 1704?
71
Calculate the greatest common factor of 605600 and 6519284.
3028
What is the greatest common divisor of 4385824 and 90496?
3232
Calculate the highest common divisor of 2 and 46477294.
2
Calculate the greatest common divisor of 161575 and 1722700.
575
What is the greatest common factor of 65977408 and 4?
4
Calculate the greatest common divisor of 219699128 and 10469.
551
What is the greatest common divisor of 3696 and 1252713?
231
What is the greatest common factor of 16 and 13280840?
8
Calculate the highest common factor of 21815312 and 64.
16
Calculate the highest common factor of 85000594 and 644.
322
What is the highest common divisor of 2613639 and 9891?
21
What is the greatest common factor of 166961 and 954802?
199
Calculate the highest common divisor of 538590 and 5980.
130
Calculate the highest common divisor of 52668 and 3240468.
2772
What is the highest common factor of 67039562 and 494?
38
Calculate the greatest common divisor of 336 and 23135.
7
Calculate the greatest common divisor of 6379763 and 10127.
247
What is the greatest common divisor of 22128 and 46826536?
3688
What is the greatest common factor of 125229 and 1060371?
741
Calculate the highest common divisor of 627897550 and 175.
175
What is the greatest common divisor of 292965888 and 3072?
1536
Calculate the highest common divisor of 723968 and 54784.
512
What is the greatest common factor of 32754 and 3171096?
318
What is the highest common divisor of 2863420 and 638568?
5068
Calculate the greatest common factor of 734447 and 1020236.
3073
Calculate the greatest common factor of 77526 and 2478204.
1314
What is the greatest common divisor of 1378 and 96967?
13
What is the highest common divisor of 14592 and 10203?
57
What is the highest common divisor of 298 and 31879742?
298
Calculate the highest common divisor of 4174 and 5394.
2
Calculate the highest common divisor of 10 and 15344365.
5
What is the greatest common divisor of 5690144 and 96?
32
Calculate the greatest common factor of 3303378 and 29526.
114
Calculate the highest common factor of 1419461 and 131093.
389
What is the highest common divisor of 4354 and 156058?
14
Calculate the greatest common factor of 467255 and 7165955.
4135
What is the greatest common factor of 232 and 2606520?
232
What is the highest common divisor of 1726851 and 3927?
21
Calculate the highest common factor of 3830 and 759459126.
766
What is the highest common factor of 12309 and 20877183?
1119
Calculate the highest common factor of 42 and 107756516.
14
What is the highest common divisor of 155520225 and 4275?
4275
Calculate the greatest common divisor of 5808641 and 3127.
53
What is the highest common divisor of 1005472550 and 50?
50
Calculate the highest common factor of 24260743 and 26.
13
What is the greatest common factor of 75 and 15801425?
25
Calculate the greatest common factor of 1064 and 111137264.
56
What is the highest common factor of 309 and 55275259?
103
What is the highest common divisor of 2440 and 354040?
40
Calculate the highest common factor of 824 and 102537736.
824
Calculate the highest common factor of 12298 and 362662.
86
Calculate the greatest common divisor of 57125 and 269173.
457
What is the highest common factor of 216339910 and 180?
10
What is the highest common divisor of 321024 and 31977?
627
Calculate the greatest common factor of 4589894 and 5048.
1262
What is the highest common factor of 12315123 and 1224?
153
What is the greatest common factor of 10497851 and 39?
13
Calculate the greatest common factor of 14311 and 65575604.
1301
Calculate the greatest common factor of 606 and 35101136.
202
What is the highest common divisor of 495 and 5522850?
45
What is the greatest common divisor of 83263 and 516167?
53
What is the greatest common divisor of 7402351 and 2332?
583
Calculate the highest common divisor of 252 and 6204744.
252
What is the highest common divisor of 4350 and 199050?
150
Calculate the highest common factor of 10231586 and 374.
34
Calculate the greatest common factor of 762387 and 96726.
141
What is the greatest common factor of 568620012 and 60?
12
Calculate the highest common divisor of 48 and 66549144.
24
What is the greatest common divisor of 5083 and 7111?
13
What is the greatest common divisor of 446 and 2